{"id":1088,"date":"2018-08-31T13:11:25","date_gmt":"2018-08-31T16:11:25","guid":{"rendered":"https:\/\/ifdbolson-rng.infd.edu.ar\/sitio\/radio-ies-fm-la-continua-88-3\/"},"modified":"2024-06-11T10:11:53","modified_gmt":"2024-06-11T13:11:53","slug":"radio-ies-fm-la-continua-88-3","status":"publish","type":"page","link":"https:\/\/ifdbolson-rng.infd.edu.ar\/sitio\/radio-ies-fm-la-continua-88-3\/","title":{"rendered":"Radio IES FM La Continua 88.3"},"content":{"rendered":"\n<p><\/p>\n\n\n\n<a href=\"#\" onclick=\"window.open('https:\/\/stream-153.zeno.fm\/0pxl7wu40xjtv?zt=eyJhbGciOiJIUzI1NiJ9.eyJzdHJlYW0iOiIwcHhsN3d1NDB4anR2IiwiaG9zdCI6InN0cmVhbS0xNTMuemVuby5mbSIsInJ0dGwiOjUsImp0aSI6IkdlRXpxWE5yVFBpMlFiTGUxSl8yZEEiLCJpYXQiOjE3MTgxMTE0ODAsImV4cCI6MTcxODExMTU0MH0.i6yx_xXsTDGo9wpQLdmpzOOyQGUZb0gK7CRYZimrars', 'radio_player', 'width=500, height=250'); return false;\">Escuchar FM La Continua Online<\/a>\n\n\n<p>Proyecto Federal de Radios Socioeducativas de Institutos de Educ<img decoding=\"async\" loading=\"lazy\" class=\"wp-image-1799 alignright\" src=\"https:\/\/ifdbolson-rng.infd.edu.ar\/sitio\/wp-content\/uploads\/2018\/11\/pppppppp.png\" alt=\"\" width=\"80\" height=\"100\">aci\u00f3n Superior.<\/p>\n<p><strong>Radios IES. Una red de medios para la Educ<\/strong><strong>aci\u00f3n Superior.<\/strong><\/p>\n<p><img decoding=\"async\" loading=\"lazy\" class=\"size-full wp-image-2167 alignleft\" src=\"https:\/\/ifdbolson-rng.infd.edu.ar\/sitio\/wp-content\/uploads\/2019\/07\/logo.jpg\" alt=\"\" width=\"300\" height=\"300\">El proyecto tiene previsto el emplazamiento de 50 radios en Institutos de Educaci\u00f3n Superior, una verdadera red de medios de comunicaci\u00f3n que permitir\u00e1 darle visibilidad a los Institutos y a su oferta curricular. Es un proyecto que pone en di\u00e1logo permanente a la instituci\u00f3n educativa con la comunidad en la que se emplaza.<\/p>\n<p>Otras voces, nuevas voces son posibles de ser escuchadas gracias a la plena vigencia de la Ley de Servicios de Comunicaci\u00f3n Audiovisual.<\/p>\n<p><\/p>\n<p style=\"text-align: center;\"><strong>Escuchanos on line<\/strong><\/p>\n<div class=\"entry-content\">&nbsp;<\/div>\n<p><!-- .entry-content --><\/p>\n<p><\/p>\n<p style=\"text-align: left;\"><strong>Horarios de nuestra Radio<\/strong><\/p>\n<p><img decoding=\"async\" loading=\"lazy\" class=\"alignnone size-medium wp-image-4338\" src=\"https:\/\/ifdbolson-rng.infd.edu.ar\/sitio\/wp-content\/uploads\/2022\/03\/image1-1000x773.jpeg\" alt=\"\" width=\"1000\" height=\"773\" srcset=\"https:\/\/ifdbolson-rng.infd.edu.ar\/sitio\/wp-content\/uploads\/2022\/03\/image1-1000x773.jpeg 1000w, https:\/\/ifdbolson-rng.infd.edu.ar\/sitio\/wp-content\/uploads\/2022\/03\/image1-768x593.jpeg 768w, https:\/\/ifdbolson-rng.infd.edu.ar\/sitio\/wp-content\/uploads\/2022\/03\/image1.jpeg 1249w\" sizes=\"(max-width: 1000px) 100vw, 1000px\" \/> <img decoding=\"async\" loading=\"lazy\" class=\"alignnone size-medium wp-image-4339\" src=\"https:\/\/ifdbolson-rng.infd.edu.ar\/sitio\/wp-content\/uploads\/2022\/03\/image0-1000x773.jpeg\" alt=\"\" width=\"1000\" height=\"773\" srcset=\"https:\/\/ifdbolson-rng.infd.edu.ar\/sitio\/wp-content\/uploads\/2022\/03\/image0-1000x773.jpeg 1000w, https:\/\/ifdbolson-rng.infd.edu.ar\/sitio\/wp-content\/uploads\/2022\/03\/image0-768x594.jpeg 768w, https:\/\/ifdbolson-rng.infd.edu.ar\/sitio\/wp-content\/uploads\/2022\/03\/image0.jpeg 1250w\" sizes=\"(max-width: 1000px) 100vw, 1000px\" \/><\/p>\n<p><img decoding=\"async\" loading=\"lazy\" class=\"alignnone size-medium wp-image-4336\" src=\"https:\/\/ifdbolson-rng.infd.edu.ar\/sitio\/wp-content\/uploads\/2022\/03\/image2-1000x775.jpeg\" alt=\"\" width=\"1000\" height=\"775\" srcset=\"https:\/\/ifdbolson-rng.infd.edu.ar\/sitio\/wp-content\/uploads\/2022\/03\/image2-1000x775.jpeg 1000w, https:\/\/ifdbolson-rng.infd.edu.ar\/sitio\/wp-content\/uploads\/2022\/03\/image2-768x595.jpeg 768w, https:\/\/ifdbolson-rng.infd.edu.ar\/sitio\/wp-content\/uploads\/2022\/03\/image2.jpeg 1247w\" sizes=\"(max-width: 1000px) 100vw, 1000px\" \/><\/p>\n<hr>\n<p>Nuestro sitio web, <a href=\"https:\/\/fmlacontinua883.wixsite.com\/radio\">click ac\u00e1<\/a><\/p>\n<hr>\n<p>Encontranos y comunicate con nosotros:<\/p>\n<p class=\"font_7\">Tel: +54 2944 483022<\/p>\n<p class=\"font_7\">Mail: <a href=\"mailto:fmlacontinua88.3@gmail.com\">fmlacontinua88.3@gmail.com<\/a><\/p>\n<p>Twitter: <a href=\"https:\/\/twitter.com\/fmlacontinua\">@fmlacontinua<\/a><\/p>\n<p>Instagram: <a href=\"https:\/\/www.instagram.com\/fmlacontinua\/?hl=es-la\">fmlacontinua<\/a><\/p>\n<p>Facebook: <a href=\"https:\/\/www.facebook.com\/pg\/FMlacontinua\/photos\/?ref=page_internal\">@FMlacontinua<\/a><\/p>\n<p><\/p>","protected":false},"excerpt":{"rendered":"<p>Escuchar FM La Continua Online Proyecto Federal de Radios Socioeducativas de Institutos de Educaci\u00f3n Superior. Radios IES. Una red de medios para la Educaci\u00f3n Superior. El proyecto tiene previsto el emplazamiento de 50 radios en Institutos de Educaci\u00f3n Superior, una verdadera red de medios de comunicaci\u00f3n que permitir\u00e1 darle visibilidad a los Institutos y a &#8230; <a title=\"Radio IES FM La Continua 88.3\" class=\"read-more\" href=\"https:\/\/ifdbolson-rng.infd.edu.ar\/sitio\/radio-ies-fm-la-continua-88-3\/\" aria-label=\"More on Radio IES FM La Continua 88.3\">[+]<\/a><\/p>\n","protected":false},"author":666,"featured_media":0,"parent":0,"menu_order":0,"comment_status":"closed","ping_status":"closed","template":"","meta":[],"acf":[],"_links":{"self":[{"href":"https:\/\/ifdbolson-rng.infd.edu.ar\/sitio\/wp-json\/wp\/v2\/pages\/1088"}],"collection":[{"href":"https:\/\/ifdbolson-rng.infd.edu.ar\/sitio\/wp-json\/wp\/v2\/pages"}],"about":[{"href":"https:\/\/ifdbolson-rng.infd.edu.ar\/sitio\/wp-json\/wp\/v2\/types\/page"}],"author":[{"embeddable":true,"href":"https:\/\/ifdbolson-rng.infd.edu.ar\/sitio\/wp-json\/wp\/v2\/users\/666"}],"replies":[{"embeddable":true,"href":"https:\/\/ifdbolson-rng.infd.edu.ar\/sitio\/wp-json\/wp\/v2\/comments?post=1088"}],"version-history":[{"count":35,"href":"https:\/\/ifdbolson-rng.infd.edu.ar\/sitio\/wp-json\/wp\/v2\/pages\/1088\/revisions"}],"predecessor-version":[{"id":7016,"href":"https:\/\/ifdbolson-rng.infd.edu.ar\/sitio\/wp-json\/wp\/v2\/pages\/1088\/revisions\/7016"}],"wp:attachment":[{"href":"https:\/\/ifdbolson-rng.infd.edu.ar\/sitio\/wp-json\/wp\/v2\/media?parent=1088"}],"curies":[{"name":"wp","href":"https:\/\/api.w.org\/{rel}","templated":true}]}}