{"id":1319,"date":"2018-09-17T19:21:49","date_gmt":"2018-09-17T22:21:49","guid":{"rendered":"https:\/\/ifdbolson-rng.infd.edu.ar\/sitio\/?page_id=1319"},"modified":"2026-03-10T08:12:33","modified_gmt":"2026-03-10T11:12:33","slug":"profesorado-de-nivel-primario","status":"publish","type":"page","link":"https:\/\/ifdbolson-rng.infd.edu.ar\/sitio\/profesorado-de-nivel-primario\/","title":{"rendered":"Profesorado de Educaci\u00f3n Primaria"},"content":{"rendered":"<h1 style=\"text-align: center;\">Profesorado de Educaci\u00f3n Primaria<\/h1>\n<p style=\"text-align: right;\"><div  class=\"lgc-column lgc-grid-parent lgc-grid-50 lgc-tablet-grid-50 lgc-mobile-grid-100 lgc-equal-heights \"><div  class=\"inside-grid-column\">\n<p style=\"text-align: right;\"><a href=\"https:\/\/ifdbolson-rng.infd.edu.ar\/sitio\/wp-content\/uploads\/2018\/08\/mapa_primaria.png\" target=\"_blank\" rel=\"noopener\"><img decoding=\"async\" loading=\"lazy\" class=\"alignnone  wp-image-5812\" src=\"https:\/\/ifdbolson-rng.infd.edu.ar\/sitio\/wp-content\/uploads\/2023\/03\/plan-NP.jpg\" alt=\"\" width=\"400\" height=\"200\" \/><\/a><\/p>\n<p style=\"text-align: right;\"><\/p><\/div><\/div>\n<p style=\"text-align: left;\"><div  class=\"lgc-column lgc-grid-parent lgc-grid-50 lgc-tablet-grid-50 lgc-mobile-grid-100 lgc-equal-heights \"><div  class=\"inside-grid-column\">\n<p><a href=\"https:\/\/ifdbolson-rng.infd.edu.ar\/sitio\/wp-content\/uploads\/2023\/03\/Disposicion-N\u00b0009-22-Regimen-de-correlatividades-Prof.-Ed.-Primaria.pdf\" target=\"_blank\" rel=\"noopener\"><img decoding=\"async\" loading=\"lazy\" class=\"alignnone  wp-image-5813\" src=\"https:\/\/ifdbolson-rng.infd.edu.ar\/sitio\/wp-content\/uploads\/2023\/03\/correlatvidad-NP.jpg\" alt=\"\" width=\"400\" height=\"200\" \/><\/a><\/p>\n<p style=\"text-align: left;\"><\/p><\/div><\/div>\n<p style=\"text-align: right;\"><div  class=\"lgc-column lgc-grid-parent lgc-grid-50 lgc-tablet-grid-50 lgc-mobile-grid-100 lgc-equal-heights \"><div  class=\"inside-grid-column\">\n<p style=\"text-align: right;\"><a href=\"https:\/\/ifdbolson-rng.infd.edu.ar\/sitio\/wp-content\/uploads\/2018\/11\/DC-Profesorado-de-Primaria-A%C3%B1o-2015.pdf\" target=\"_blank\" rel=\"noopener\"><img decoding=\"async\" loading=\"lazy\" class=\"alignnone  wp-image-5814\" src=\"https:\/\/ifdbolson-rng.infd.edu.ar\/sitio\/wp-content\/uploads\/2023\/03\/Disenio-NP.jpg\" alt=\"\" width=\"400\" height=\"200\" \/><\/a><\/p>\n<p style=\"text-align: right;\"><\/p><\/div><\/div>\n<p style=\"text-align: left;\"><div  class=\"lgc-column lgc-grid-parent lgc-grid-50 lgc-tablet-grid-50 lgc-mobile-grid-100 lgc-equal-heights \"><div  class=\"inside-grid-column\">\n<p><a href=\"https:\/\/ifdbolson-rng.infd.edu.ar\/sitio\/perfil-del-egresado-2\/\" target=\"_blank\" rel=\"noopener\"><img decoding=\"async\" loading=\"lazy\" class=\"alignnone  wp-image-5815\" src=\"https:\/\/ifdbolson-rng.infd.edu.ar\/sitio\/wp-content\/uploads\/2023\/03\/perfil-NP.jpg\" alt=\"\" width=\"400\" height=\"200\" \/><\/a><\/p>\n<p style=\"text-align: left;\"><\/p><\/div><\/div>\n<p>&nbsp;<\/p>\n<p style=\"text-align: right;\"><em><strong>Esta carrera habilita para el ejercicio de la docencia en el nivel primario de las escuelas de todo el pa\u00eds en sus distintas modalidades. En la formaci\u00f3n espec\u00edfica se profundizan aspectos disciplinares y did\u00e1cticos de las \u00e1reas que se ense\u00f1ar\u00e1n en la escuela primaria.<\/strong><\/em><\/p>\n<p style=\"text-align: left;\">Coordinadores de la Carrera:<\/p>\n<p style=\"text-align: left;\">Prof. Solange Garc\u00eda<\/p>\n<p>Secretaria: Alicia Sanhueza\u00a0<br \/>Horario de atenci\u00f3n de 14:30 a 20:30 hs<br \/><em>Contacto: <\/em><em>secretariaprimariaifdcelbolson@gmail.com<\/em><\/p>\n<hr \/>\n<h2 style=\"text-align: center;\"><span style=\"color: #ff6600;\">Cronograma de actividades para ingresantes.<\/span><\/h2>\n<p><img decoding=\"async\" loading=\"lazy\" class=\"size-full wp-image-8236 aligncenter\" src=\"https:\/\/ifdbolson-rng.infd.edu.ar\/sitio\/wp-content\/uploads\/2026\/02\/PEP.jpg\" alt=\"\" width=\"662\" height=\"473\" \/><\/p>\n<h2 class=\"wp-block-file\" style=\"text-align: center;\"><span style=\"color: #ff6600;\">Horarios 2026<\/span><\/h2>\n<div  class=\"lgc-column lgc-grid-parent lgc-grid-100 lgc-tablet-grid-50 lgc-mobile-grid-100 lgc-equal-heights \"><div  class=\"inside-grid-column\">\n<div class=\"wp-block-file\"><object class=\"wp-block-file__embed\" style=\"width: 100%; height: 600px;\" data=\"https:\/\/ifdbolson-rng.infd.edu.ar\/sitio\/wp-content\/uploads\/2026\/03\/Horario-anual-PEP-2026-1.pdf\" type=\"application\/pdf\" width=\"300\" height=\"150\" aria-label=\"Horarios 2026\"><\/object><a id=\"wp-block-file--media-cf0a77b4-9724-46c1-b0ca-171665308449\" href=\"https:\/\/ifdbolson-rng.infd.edu.ar\/sitio\/wp-content\/uploads\/2026\/03\/Horario-anual-PEP-2026-1.pdf\">Horarios 2026&#8243;<\/a><a class=\"wp-block-file__button wp-element-button\" href=\"https:\/\/ifdbolson-rng.infd.edu.ar\/sitio\/wp-content\/uploads\/2026\/03\/Horario-anual-PEP-2026-1.pdf\" download=\"\" aria-describedby=\"wp-block-file--media-cf0a77b4-9724-46c1-b0ca-171665308449\">Descarga<\/a><\/div>\n<p><\/p><\/div><\/div>\n<div class=\"wp-block-file\">\u00a0<\/div>\n<p>&nbsp;<\/p>\n<h3 style=\"text-align: center;\">Modelo de notas para estudiantes<\/h3>\n<p style=\"text-align: right;\"><div  class=\"lgc-column lgc-grid-parent lgc-grid-50 lgc-tablet-grid-50 lgc-mobile-grid-100 lgc-equal-heights \"><div  class=\"inside-grid-column\">\n<p style=\"text-align: right;\"><a href=\"https:\/\/ifdbolson-rng.infd.edu.ar\/sitio\/wp-content\/uploads\/2023\/03\/Nota-pedido-de-equivalencias.docx\" target=\"_blank\" rel=\"noopener\"><img decoding=\"async\" loading=\"lazy\" class=\"alignnone  wp-image-5886\" src=\"https:\/\/ifdbolson-rng.infd.edu.ar\/sitio\/wp-content\/uploads\/2023\/03\/Modelo-de-nota-para-solic-Equiv-Logo-Word.jpg\" alt=\"\" width=\"169\" height=\"165\" \/><\/a><\/p>\n<p style=\"text-align: right;\">\u00a0<\/p>\n<p style=\"text-align: right;\"><\/p><\/div><\/div>\n<p style=\"text-align: left;\"><div  class=\"lgc-column lgc-grid-parent lgc-grid-50 lgc-tablet-grid-50 lgc-mobile-grid-100 lgc-equal-heights \"><div  class=\"inside-grid-column\">\n<p style=\"text-align: left;\"><a href=\"https:\/\/ifdbolson-rng.infd.edu.ar\/sitio\/wp-content\/uploads\/2023\/03\/MODELO-DE-NOTA-MESAS-ESPECIALES.docx\" target=\"_blank\" rel=\"noopener\"><img decoding=\"async\" loading=\"lazy\" class=\"alignnone  wp-image-5887\" src=\"https:\/\/ifdbolson-rng.infd.edu.ar\/sitio\/wp-content\/uploads\/2023\/03\/Modelo-de-nota-para-solic-Mesa-Especial-Logo-Word.jpg\" alt=\"\" width=\"169\" height=\"179\" \/><\/a><\/p>\n<p style=\"text-align: left;\"><\/p><\/div><\/div>\n<h3 style=\"text-align: center;\">&#8212;&#8212;&#8212;&#8212;&#8212;&#8212;&#8212;&#8212;&#8212;&#8212;&#8212;&#8212;&#8212;&#8212;&#8212;&#8212;&#8212;&#8212;&#8212;&#8212;&#8212;&#8212;&#8212;&#8212;&#8212;&#8212;&#8212;&#8212;&#8212;&#8212;&#8212;&#8212;&#8212;&#8212;&#8212;&#8212;&#8212;&#8212;&#8212;&#8212;&#8212;&#8212;&#8212;&#8212;&#8212;&#8212;&#8212;&#8212;&#8212;&#8212;<\/h3>\n<h3 style=\"text-align: center;\">Muestra Malvinas 40 a\u00f1os<\/h3>\n<p style=\"text-align: center;\"><em>Visitala en formato virtual clickeando en la imagen<\/em><\/p>\n<p><img decoding=\"async\" loading=\"lazy\" class=\"size-full wp-image-4463 aligncenter\" src=\"https:\/\/ifdbolson-rng.infd.edu.ar\/sitio\/wp-content\/uploads\/2022\/04\/muestra-malvinas.jpg\" alt=\"\" width=\"431\" height=\"491\" \/><\/p>\n<p>&nbsp;<\/p>\n","protected":false},"excerpt":{"rendered":"<p>Profesorado de Educaci\u00f3n Primaria &nbsp; Esta carrera habilita para el ejercicio de la docencia en el nivel primario de las escuelas de todo el pa\u00eds en sus distintas modalidades. En la formaci\u00f3n espec\u00edfica se profundizan aspectos disciplinares y did\u00e1cticos de las \u00e1reas que se ense\u00f1ar\u00e1n en la escuela primaria. Coordinadores de la Carrera: Prof. Solange &#8230; <a title=\"Profesorado de Educaci\u00f3n Primaria\" class=\"read-more\" href=\"https:\/\/ifdbolson-rng.infd.edu.ar\/sitio\/profesorado-de-nivel-primario\/\" aria-label=\"More on Profesorado de Educaci\u00f3n Primaria\">[+]<\/a><\/p>\n","protected":false},"author":7,"featured_media":0,"parent":0,"menu_order":0,"comment_status":"closed","ping_status":"closed","template":"","meta":[],"acf":[],"_links":{"self":[{"href":"https:\/\/ifdbolson-rng.infd.edu.ar\/sitio\/wp-json\/wp\/v2\/pages\/1319"}],"collection":[{"href":"https:\/\/ifdbolson-rng.infd.edu.ar\/sitio\/wp-json\/wp\/v2\/pages"}],"about":[{"href":"https:\/\/ifdbolson-rng.infd.edu.ar\/sitio\/wp-json\/wp\/v2\/types\/page"}],"author":[{"embeddable":true,"href":"https:\/\/ifdbolson-rng.infd.edu.ar\/sitio\/wp-json\/wp\/v2\/users\/7"}],"replies":[{"embeddable":true,"href":"https:\/\/ifdbolson-rng.infd.edu.ar\/sitio\/wp-json\/wp\/v2\/comments?post=1319"}],"version-history":[{"count":196,"href":"https:\/\/ifdbolson-rng.infd.edu.ar\/sitio\/wp-json\/wp\/v2\/pages\/1319\/revisions"}],"predecessor-version":[{"id":8265,"href":"https:\/\/ifdbolson-rng.infd.edu.ar\/sitio\/wp-json\/wp\/v2\/pages\/1319\/revisions\/8265"}],"wp:attachment":[{"href":"https:\/\/ifdbolson-rng.infd.edu.ar\/sitio\/wp-json\/wp\/v2\/media?parent=1319"}],"curies":[{"name":"wp","href":"https:\/\/api.w.org\/{rel}","templated":true}]}}