{"id":3745,"date":"2021-09-28T19:49:06","date_gmt":"2021-09-28T22:49:06","guid":{"rendered":"https:\/\/ifdbolson-rng.infd.edu.ar\/sitio\/?page_id=3745"},"modified":"2021-09-28T19:49:06","modified_gmt":"2021-09-28T22:49:06","slug":"podcasts","status":"publish","type":"page","link":"https:\/\/ifdbolson-rng.infd.edu.ar\/sitio\/podcasts\/","title":{"rendered":"Podcasts"},"content":{"rendered":"<p>Los siguientes materiales did\u00e1cticos han sido producidos por estudiantes del I.F.D.C. El Bols\u00f3n, en diferentes espacios curriculares, E. D.I., Talleres, coordinados por las profesoras del \u00e1rea de Matem\u00e1tica del profesorado de educaci\u00f3n Inicial.<\/p>\n<p><iframe id=\"audio_76064813\" frameborder=\"0\" allowfullscreen=\"\" scrolling=\"no\" height=\"200\" style=\"border:1px solid #EEE; box-sizing:border-box; width:100%;\" src=\"https:\/\/ar.ivoox.com\/es\/player_ej_76064813_4_1.html?c1=ff6600\"><\/iframe><\/p>\n<p><iframe id=\"audio_76065569\" style=\"border: 1px solid #EEE; box-sizing: border-box; width: 100%;\" src=\"https:\/\/ar.ivoox.com\/es\/player_ej_76065569_4_1.html?c1=ff6600\" height=\"200\" frameborder=\"0\" scrolling=\"no\" allowfullscreen=\"allowfullscreen\"><\/iframe><\/p>\n<p><iframe id=\"audio_76070474\" frameborder=\"0\" allowfullscreen=\"\" scrolling=\"no\" height=\"200\" style=\"border:1px solid #EEE; box-sizing:border-box; width:100%;\" src=\"https:\/\/ar.ivoox.com\/es\/player_ej_76070474_4_1.html?c1=ff6600\"><\/iframe><\/p>\n\n\n<p><\/p>\n","protected":false},"excerpt":{"rendered":"<p>Los siguientes materiales did\u00e1cticos han sido producidos por estudiantes del I.F.D.C. El Bols\u00f3n, en diferentes espacios curriculares, E. D.I., Talleres, coordinados por las profesoras del \u00e1rea de Matem\u00e1tica del profesorado de educaci\u00f3n Inicial.<\/p>\n","protected":false},"author":2483,"featured_media":0,"parent":0,"menu_order":0,"comment_status":"closed","ping_status":"closed","template":"","meta":[],"acf":[],"_links":{"self":[{"href":"https:\/\/ifdbolson-rng.infd.edu.ar\/sitio\/wp-json\/wp\/v2\/pages\/3745"}],"collection":[{"href":"https:\/\/ifdbolson-rng.infd.edu.ar\/sitio\/wp-json\/wp\/v2\/pages"}],"about":[{"href":"https:\/\/ifdbolson-rng.infd.edu.ar\/sitio\/wp-json\/wp\/v2\/types\/page"}],"author":[{"embeddable":true,"href":"https:\/\/ifdbolson-rng.infd.edu.ar\/sitio\/wp-json\/wp\/v2\/users\/2483"}],"replies":[{"embeddable":true,"href":"https:\/\/ifdbolson-rng.infd.edu.ar\/sitio\/wp-json\/wp\/v2\/comments?post=3745"}],"version-history":[{"count":3,"href":"https:\/\/ifdbolson-rng.infd.edu.ar\/sitio\/wp-json\/wp\/v2\/pages\/3745\/revisions"}],"predecessor-version":[{"id":3748,"href":"https:\/\/ifdbolson-rng.infd.edu.ar\/sitio\/wp-json\/wp\/v2\/pages\/3745\/revisions\/3748"}],"wp:attachment":[{"href":"https:\/\/ifdbolson-rng.infd.edu.ar\/sitio\/wp-json\/wp\/v2\/media?parent=3745"}],"curies":[{"name":"wp","href":"https:\/\/api.w.org\/{rel}","templated":true}]}}