{"id":4446,"date":"2022-04-11T12:03:27","date_gmt":"2022-04-11T15:03:27","guid":{"rendered":"https:\/\/ifdbolson-rng.infd.edu.ar\/sitio\/?page_id=4446"},"modified":"2022-11-06T19:27:46","modified_gmt":"2022-11-06T22:27:46","slug":"proyecto-miradas-al-cielo","status":"publish","type":"page","link":"https:\/\/ifdbolson-rng.infd.edu.ar\/sitio\/grupos-de-trabajo\/proyecto-miradas-al-cielo\/","title":{"rendered":"Proyecto \u00abMiradas al cielo\u00bb"},"content":{"rendered":"\n<figure class=\"wp-block-image size-large\"><img decoding=\"async\" loading=\"lazy\" width=\"940\" height=\"788\" src=\"https:\/\/ifdbolson-rng.infd.edu.ar\/sitio\/wp-content\/uploads\/2022\/04\/flyer-eclipse.jpeg\" alt=\"\" class=\"wp-image-4583\" srcset=\"https:\/\/ifdbolson-rng.infd.edu.ar\/sitio\/wp-content\/uploads\/2022\/04\/flyer-eclipse.jpeg 940w, https:\/\/ifdbolson-rng.infd.edu.ar\/sitio\/wp-content\/uploads\/2022\/04\/flyer-eclipse-768x644.jpeg 768w\" sizes=\"(max-width: 940px) 100vw, 940px\" \/><\/figure>\n\n\n\n<div class=\"wp-block-file\"><a href=\"https:\/\/ifdbolson-rng.infd.edu.ar\/sitio\/wp-content\/uploads\/2022\/04\/Info-eclipse-parcial-de-Sol-2022.pdf\">Info-eclipse-parcial-de-Sol-2022<\/a><a href=\"https:\/\/ifdbolson-rng.infd.edu.ar\/sitio\/wp-content\/uploads\/2022\/04\/Info-eclipse-parcial-de-Sol-2022.pdf\" class=\"wp-block-file__button\" download>Descarga<\/a><\/div>\n\n\n\n<hr class=\"wp-block-separator\"\/>\n\n\n\n<p>El <strong><em>Proyecto \u00abMiradas al cielo\u00bb<\/em><\/strong> se cre\u00f3 en el a\u00f1o 2005 en el Instituto de Formaci\u00f3n Docente Continua de El Bols\u00f3n (Argentina), incorpor\u00e1ndose la Universidad Nacional de R\u00edo Negro en 2013, lo que extendi\u00f3 sus actividades a la ciudad de Bariloche. Se llevan a cabo actividades de ense\u00f1anza y comunicaci\u00f3n p\u00fablica de la astronom\u00eda dirigidas principalmente a ni\u00f1os y j\u00f3venes, aunque tambi\u00e9n se desarrollan propuestas para docentes, futuros docentes, aficionados y adultos en general. En las mismas se promueve la observaci\u00f3n del cielo a simple vista como medio indispensable para ense\u00f1ar y aprender astronom\u00eda. A partir de 2015 se incorpor\u00f3 un \u00e1rea de desarrollo relacionada con la investigaci\u00f3n en did\u00e1ctica de la astronom\u00eda.<\/p>\n\n\n\n<p>Como impronta caracter\u00edstica se sostiene el funcionamiento de un equipo integrado por estudiantes de nivel medio y docentes: el <em><strong>Grupo Astron\u00f3mico Osiris<\/strong><\/em>. El mismo se re\u00fane en horario extraescolar a aprender sobre astronom\u00eda y, al mismo tiempo, a organizar actividades dirigidas a estudiantes de las escuelas y a la comunidad. Funcionan dos grupos simult\u00e1neos: en El Bols\u00f3n (desde 2005) y en Bariloche (desde 2014). Debido a la pandemia de Covid-19, ambos grupos funcionaron juntos en forma virtual durante 2020 y 2021. En 2016 se conform\u00f3 el <strong><em>Grupo OSIRISup<\/em><\/strong>, integrado por estudiantes de nivel superior, que tiene como meta la realizaci\u00f3n de actividades en escuelas y de funciones de planetario m\u00f3vil.<\/p>\n\n\n\n<p>El proyecto incluye la organizaci\u00f3n de observaciones nocturnas del cielo, jornadas p\u00fablicas para la observaci\u00f3n de eventos astron\u00f3mico como eclipses, realizaci\u00f3n de concursos astron\u00f3micos, elaboraci\u00f3n de microprogramas radiales y videos de divulgaci\u00f3n, distribuci\u00f3n de folletos, realizaci\u00f3n de talleres de astronom\u00eda en escuelas, dictado de capacitaciones a docentes, un foro de intercambio entre escuelas, funciones de planetario m\u00f3vil, etc.<\/p>\n\n\n\n<p>Como parte relevante se crearon los \u201cEncuentros de J\u00f3venes Astr\u00f3nomos (E.J.A)\u201d, que constituyen minicongresos de astronom\u00eda que se realizan anualmente en distintas localidades. Se desarrollan charlas, talleres y otras actividades dirigidas a ni\u00f1os y j\u00f3venes. Los diez EJAs ya realizados son: El Bols\u00f3n (2009), La Plata (2011), Chivilcoy (2012), La Punta (2013), Malarg\u00fce (2014), Las Grutas (2015), Bariloche (2016), San Rafael (2017), El Bols\u00f3n (2018) e Ingeniero Jacobacci (2019). En 2021, el 11\u00ba EJA se desarroll\u00f3 en formato virtual.<\/p>\n\n\n\n<p>A su vez, se organizaron jornadas p\u00fablicas relacionadas con los eclipses solares que pudieron observarse en Argentina, creando a su vez una p\u00e1gina web: <a href=\"http:\/\/www.eclipses.com.ar\" data-type=\"URL\" data-id=\"www.eclipses.com.ar\" target=\"_blank\" rel=\"noreferrer noopener\">www.eclipses.com.ar<\/a>. Para el eclipse anular del 26\/2\/2017 se realizaron actividades en Sarmiento (Chubut), participando unas 500 personas en la observaci\u00f3n p\u00fablica. Para el eclipse total de Sol del 2\/7\/2019 se organizaron Jornadas en San Juan, con la observaci\u00f3n del eclipse desde Bella Vista con 10.000 personas. Para el eclipse total del 14\/12\/2020 se organizaron actividades en Las Grutas con la observaci\u00f3n p\u00fablica desde Valcheta en plena pandemia, de las que participaron 900 personas.<\/p>\n\n\n\n<p>Cantidad de participantes desde 2005 a 2021: m\u00e1s de 55.000 personas.<\/p>\n\n\n\n<figure class=\"wp-block-image size-large is-resized\"><img decoding=\"async\" loading=\"lazy\" src=\"https:\/\/ifdbolson-rng.infd.edu.ar\/sitio\/wp-content\/uploads\/2022\/11\/logo-12-EJA-1900x1069.png\" alt=\"\" class=\"wp-image-5436\" width=\"1020\" height=\"573\" srcset=\"https:\/\/ifdbolson-rng.infd.edu.ar\/sitio\/wp-content\/uploads\/2022\/11\/logo-12-EJA-1900x1069.png 1900w, https:\/\/ifdbolson-rng.infd.edu.ar\/sitio\/wp-content\/uploads\/2022\/11\/logo-12-EJA-1000x563.png 1000w, https:\/\/ifdbolson-rng.infd.edu.ar\/sitio\/wp-content\/uploads\/2022\/11\/logo-12-EJA-768x432.png 768w, https:\/\/ifdbolson-rng.infd.edu.ar\/sitio\/wp-content\/uploads\/2022\/11\/logo-12-EJA-1536x864.png 1536w, https:\/\/ifdbolson-rng.infd.edu.ar\/sitio\/wp-content\/uploads\/2022\/11\/logo-12-EJA.png 1920w\" sizes=\"(max-width: 1020px) 100vw, 1020px\" \/><figcaption>PROYECTO \u201cMIRADAS AL CIELO\u201dI.F.D.C. de El Bols\u00f3n y Univ. Nacional de R\u00edo Negro<br>Grupo Astron\u00f3mico Osiris12vo. Encuentro de J\u00f3venes Astr\u00f3nomos \u2013Perito Moreno (Sta. Cruz) -2022<\/figcaption><\/figure>\n\n\n\n<p>Desde el 10  al 13 de de Noviembre de 2022 se desarrollar\u00e1 el 12\u00b0 Encuentro de J\u00f3venes Astr\u00f3nomos en la localidad de Perito Moreno en la Provincia de Santa Cruz. El grupo Astron\u00f3mico Osiris estar\u00e1 desarrollando talleres en escuelas, charlas y observaciones del cielo abiertas a la comunidad. M\u00e1s informaci\u00f3n en <a rel=\"noreferrer noopener\" href=\"http:\/\/www.miradasalcielo.com.ar\/\" target=\"_blank\">www.miradasalcielo.com.ar<\/a> <\/p>\n\n\n\n<p>Las actividades y las caracter\u00edsticas del proyecto pueden visualizarse en:<br>P\u00e1gina web: <a rel=\"noreferrer noopener\" href=\"http:\/\/www.miradasalcielo.com.ar\" data-type=\"URL\" data-id=\"www.miradasalcielo.com.ar\" target=\"_blank\">www.miradasalcielo.com.ar<\/a> <br>Facebook: <a rel=\"noreferrer noopener\" href=\"http:\/\/www.facebook.com\/grupoastronomicoosiris\" data-type=\"URL\" data-id=\"www.facebook.com\/grupoastronomicoosiris\" target=\"_blank\">@grupoastronomicoosiris<\/a> \/ <a rel=\"noreferrer noopener\" href=\"http:\/\/www.facebook.com\/astrosiris\" data-type=\"URL\" data-id=\"www.facebook.com\/astrosiris\" target=\"_blank\">@astrosiris<\/a><br>Instagram: <a href=\"http:\/\/instagram.com\/astroosiris\" data-type=\"URL\" data-id=\"http:\/\/instagram.com\/astroosiris\">@<\/a><a rel=\"noreferrer noopener\" href=\"http:\/\/instagram.com\/astroosiris\" data-type=\"URL\" data-id=\"http:\/\/instagram.com\/astroosiris\" target=\"_blank\">astroosiris<\/a><br>Canal YouTube: <a rel=\"noreferrer noopener\" href=\"https:\/\/www.youtube.com\/c\/GrupoAstron%C3%B3micoOSIRIS\" data-type=\"URL\" data-id=\"https:\/\/www.youtube.com\/c\/GrupoAstron%C3%B3micoOSIRIS\" target=\"_blank\">@grupoastronomicoosiris<\/a><br>Email: <a rel=\"noreferrer noopener\" href=\"mailto:astroosiris@gmail.com\" target=\"_blank\">astroosiris@gmail.com<\/a><br><a href=\"https:\/\/ifdbolson-rng.infd.edu.ar\/sitio\/publicaciones\/grupo-osiris\/\" data-type=\"URL\" data-id=\"https:\/\/ifdbolson-rng.infd.edu.ar\/sitio\/publicaciones\/grupo-osiris\/\" target=\"_blank\" rel=\"noreferrer noopener\">Publicaciones del Grupo Osiris<\/a><\/p>\n","protected":false},"excerpt":{"rendered":"<p>El Proyecto \u00abMiradas al cielo\u00bb se cre\u00f3 en el a\u00f1o 2005 en el Instituto de Formaci\u00f3n Docente Continua de El Bols\u00f3n (Argentina), incorpor\u00e1ndose la Universidad Nacional de R\u00edo Negro en 2013, lo que extendi\u00f3 sus actividades a la ciudad de Bariloche. Se llevan a cabo actividades de ense\u00f1anza y comunicaci\u00f3n p\u00fablica de la astronom\u00eda dirigidas &#8230; <a title=\"Proyecto \u00abMiradas al cielo\u00bb\" class=\"read-more\" href=\"https:\/\/ifdbolson-rng.infd.edu.ar\/sitio\/grupos-de-trabajo\/proyecto-miradas-al-cielo\/\" aria-label=\"More on Proyecto \u00abMiradas al cielo\u00bb\">[+]<\/a><\/p>\n","protected":false},"author":2483,"featured_media":0,"parent":1708,"menu_order":0,"comment_status":"closed","ping_status":"closed","template":"","meta":[],"acf":[],"_links":{"self":[{"href":"https:\/\/ifdbolson-rng.infd.edu.ar\/sitio\/wp-json\/wp\/v2\/pages\/4446"}],"collection":[{"href":"https:\/\/ifdbolson-rng.infd.edu.ar\/sitio\/wp-json\/wp\/v2\/pages"}],"about":[{"href":"https:\/\/ifdbolson-rng.infd.edu.ar\/sitio\/wp-json\/wp\/v2\/types\/page"}],"author":[{"embeddable":true,"href":"https:\/\/ifdbolson-rng.infd.edu.ar\/sitio\/wp-json\/wp\/v2\/users\/2483"}],"replies":[{"embeddable":true,"href":"https:\/\/ifdbolson-rng.infd.edu.ar\/sitio\/wp-json\/wp\/v2\/comments?post=4446"}],"version-history":[{"count":6,"href":"https:\/\/ifdbolson-rng.infd.edu.ar\/sitio\/wp-json\/wp\/v2\/pages\/4446\/revisions"}],"predecessor-version":[{"id":5439,"href":"https:\/\/ifdbolson-rng.infd.edu.ar\/sitio\/wp-json\/wp\/v2\/pages\/4446\/revisions\/5439"}],"up":[{"embeddable":true,"href":"https:\/\/ifdbolson-rng.infd.edu.ar\/sitio\/wp-json\/wp\/v2\/pages\/1708"}],"wp:attachment":[{"href":"https:\/\/ifdbolson-rng.infd.edu.ar\/sitio\/wp-json\/wp\/v2\/media?parent=4446"}],"curies":[{"name":"wp","href":"https:\/\/api.w.org\/{rel}","templated":true}]}}