{"id":5007,"date":"2022-08-12T17:28:51","date_gmt":"2022-08-12T20:28:51","guid":{"rendered":"https:\/\/ifdbolson-rng.infd.edu.ar\/sitio\/?page_id=5007"},"modified":"2022-08-12T17:30:14","modified_gmt":"2022-08-12T20:30:14","slug":"espacio-cultural-el-auditorio","status":"publish","type":"page","link":"https:\/\/ifdbolson-rng.infd.edu.ar\/sitio\/espacio-cultural-el-auditorio\/","title":{"rendered":"Espacio cultural El Auditorio"},"content":{"rendered":"\n<p><img decoding=\"async\" loading=\"lazy\" width=\"512\" height=\"347\" class=\"wp-image-5010\" style=\"width: 150px;\" src=\"https:\/\/ifdbolson-rng.infd.edu.ar\/sitio\/wp-content\/uploads\/2022\/08\/logo-auditorio.png\" alt=\"\"><\/p>\n\n\n\n<p>El proyecto del Espacio Cultural El Auditorio se origin\u00f3 en el a\u00f1o 2018 a partir de nuestras inquietudes como docentes de esta instituci\u00f3n frente a la necesidad de un fortalecimiento de la escena cultural comarcal que garantizara la pluralidad de voces y miradas, espacios que contemplaran lenguajes expresivos y lugares de creaci\u00f3n. En ese momento, como hoy, entend\u00edamos a la cultura como generadora de conciencia y oportunidad de transformaci\u00f3n social; desde ese lugar se pens\u00f3 en dinamizar el proyecto de Espacio cultural. Para ello nos propusimos mejorar paulatinamente la sala auditorio del instituto para habilitar actividades culturales de mayor envergadura, que se ofreciera adem\u00e1s como espacio de espect\u00e1culos y experiencias art\u00edsticas a la comunidad.<\/p>\n\n\n\n<p>Tanto en el 2018 como en la actualidad, resultan escasos los espacios comunitarios donde se pueden llevar adelante eventos abiertos en la Comarca Andina. El proyecto busca entonces cubrir esta necesidad de un lugar alternativo donde la comunidad cultural de la zona pueda presentar sus producciones o apreciar eventos de otros lugares de modo accesible. Por otra parte, en su relaci\u00f3n intrainstitucional, el Auditorio se ha constituido en un recurso fundamental para la formaci\u00f3n de las y los estudiantes del IFDC, en su articulaci\u00f3n con distintos espacios de la formaci\u00f3n acad\u00e9mica.<\/p>\n\n\n\n<p>Hoy comprendemos que este espacio p\u00fablico de participaci\u00f3n colectiva y construcci\u00f3n ciudadana le da la espalda a lo privado, pero no a lo \u00edntimo. Nuestro proyecto ha intentado abrir las puertas a un secreto compartido en el que en cada evento propuesto la dimensi\u00f3n subjetiva, introspectiva y sensible ha estado presente. Reivindicamos este espacio com\u00fan, cotidiano, mundano que se resignifica cuando recibimos a artistas, educadores, protagonistas de su oficio, artesanos de territorios m\u00e1s o menos cercanos, vinculados al potencial local, regional, provincial, nacional e invitades de lejanas coordenadas geogr\u00e1ficas.<\/p>\n\n\n\n<p><strong><em>Entramando recuerdos<\/em><\/strong><\/p>\n\n\n\n<p>Desde el Proyecto Auditorio hemos diferentes instancias de charlas, cine debate y ponencias, tales como \u201cneoliberalismo y turismo\u201d (Enrique Mayer), \u201csostenibilidad de la vida desde la econom\u00eda feminista\u201d (Corina Rodriguez Enriquez y Flora Partenio) y \u201cdocumental y debate. FMI-FONDO. La misma receta\u201d (Alejandro Bercovich), entre otras. Tambi\u00e9n contamos con el privilegio de recibir a Jorge Larrosa y Felipe No\u00e9 entre otres.&nbsp;<\/p>\n\n\n\n<p>Una de las propuestas centrales de nuestro proyecto ha sido el ciclo de m\u00fasica y entrevistas <strong><em>Di\u00e1logos Desenchufados<\/em><\/strong>, que escenifica algunas de las intencionalidades que enunciamos. Una idea que fue dinamizada, producida, recreada, sostenida desde el trabajo grupal y enlazada a FM La continua, para cobijar a un p\u00fablico que desde el auditorio o a trav\u00e9s de la radio sintonizaba con la cadencia del di\u00e1logo y los sonidos. Fueron parte de ese ciclo artistas emblema de nuestra comarca como Anah\u00ed Pereyra y Pey Etura<\/p>\n\n\n\n<p><img decoding=\"async\" loading=\"lazy\" width=\"210\" height=\"228\" src=\"https:\/\/lh5.googleusercontent.com\/typwXv1OUHhf9NB6JluXEu2uY8NnK5HxEy3uep2e8uapYcbfKq3rTDsxrvhosV0v4k_fbgHPV_wkls-jtmui1WoEuWCWRROycbmofzVQNKH_EBrtJQhPc8UtQ8QPeFvBRI-bZH2yzVjpLBDETiHCvw\"><\/p>\n\n\n\n<p>Tambi\u00e9n tuvieron lugar otros espect\u00e1culos musicales, como las presentaciones de Nubes Gypsy Jazz y teatrales como las obras <em>In tenebris lumen<\/em> entre tantas otras. Consideramos que nuestras b\u00fasquedas han ido encontrando correlatos en las devoluciones que hemos ido recibiendo desde la mirada institucional en particular y comunitaria en general. En este sentido preferimos trascender el paradigma del \u201ccumplimento (o no) de objetivos\u201d para pensarnos en t\u00e9rminos de construcci\u00f3n y participaci\u00f3n colectiva. Nos sentimos gratificades por la tarea desempe\u00f1ada ya que la misma nos va permitiendo construir una mirada compleja en torno a la formaci\u00f3n de espectadores en su di\u00e1logo con la formaci\u00f3n docente, profesional y personal.<\/p>\n\n\n\n<p>Estamos convencides que es fundamental instalar en la agenda institucional un debate profundo que ponga en di\u00e1logo nuestras concepciones en torno al lugar que las propuestas art\u00edstico culturales ocupan en la construcci\u00f3n de saberes y las pr\u00e1cticas pedag\u00f3gicas. En concordancia con esta certeza, creemos crucial prestar especial atenci\u00f3n a las condiciones edilicias y del mobiliario ya que las mismas no s\u00f3lo enriquecen (o no) la dimensi\u00f3n f\u00edsica del espacio concreto, sino que tambi\u00e9n habilitan (favoreciendo u obstaculizando) diversas formas de vivenciar el tiempo y las relaciones inter e intra personales que all\u00ed se desarrollen. En este sentido en m\u00e1s de una ocasi\u00f3n inventamos ambientes est\u00e9ticos a partir del traslado de muebles y objetos de una de las integrantes del equipo de trabajo lo cual abon\u00f3 en el clima emocional y est\u00e9tico que se deseaba generar, pero result\u00f3 ser complejo desde la log\u00edstica, organizaci\u00f3n y sost\u00e9n del proyecto. Esperamos a futuro poder seguir invirtiendo en estos recursos que resultan fundamentales para la coherencia y cohesi\u00f3n del proyecto.<\/p>\n\n\n\n<p>&nbsp;<strong><em>Tramando proyecciones<\/em><\/strong><\/p>\n\n\n\n<p>Hoy nos encontramos transitando institucionalmente el momento de volver a habitar nuestro instituto despu\u00e9s de la pandemia, y de religarnos con la comunidad. A su vez, lo transitado desde el 2018 reafirma nuestra postura respecto al car\u00e1cter socio comunitario del proyecto para continuar desarrollando una gesti\u00f3n de manera conjunta y articulada con otras organizaciones promotoras de la cultura o bien con colectivos art\u00edsticos de la zona. Esto permite el sostenimiento de la propuesta a largo plazo y la creaci\u00f3n de redes que habiliten una oferta pluralista y diversa.<\/p>\n\n\n\n<p>En este sentido, nos siguen movilizando diversos prop\u00f3sitos:<\/p>\n\n\n\n<ul><li>Ofrecer eventos culturales abiertos a toda la comunidad, propiciando el consumo art\u00edstico accesible y popular<\/li><li>Fortalecer los lazos de intercambio en conjunto con las organizaciones culturales y los colectivos art\u00edsticos tramados hasta ahora<\/li><li>Generar una serie de propuestas nutridas en variedad y especificidad, a fin de crear un circuito cultural y art\u00edstico que promueva el acceso a los productos culturales, as\u00ed como la formaci\u00f3n de espectadores cr\u00edticos<\/li><li>Propiciar la formaci\u00f3n de futuros docentes involucrados y comprometidos con el hacer art\u00edstico, como forma de representaci\u00f3n y expresi\u00f3n de las culturas, involucrando en ellas sus costumbres, ideolog\u00edas, creencias y formas particulares de expresi\u00f3n.<\/li><li>Optimizar y ampliar el equipamiento de la sala auditorio a trav\u00e9s de lo recaudado con los aportes de contribuci\u00f3n voluntarios y\/o subsidios a entidades espec\u00edficas<\/li><li>Generar un espacio de alto nivel operativo, equipado y accesible a la comunidad educativa y local.<\/li><\/ul>\n\n\n\n<p><\/p>\n","protected":false},"excerpt":{"rendered":"<p>El proyecto del Espacio Cultural El Auditorio se origin\u00f3 en el a\u00f1o 2018 a partir de nuestras inquietudes como docentes de esta instituci\u00f3n frente a la necesidad de un fortalecimiento de la escena cultural comarcal que garantizara la pluralidad de voces y miradas, espacios que contemplaran lenguajes expresivos y lugares de creaci\u00f3n. En ese momento, &#8230; <a title=\"Espacio cultural El Auditorio\" class=\"read-more\" href=\"https:\/\/ifdbolson-rng.infd.edu.ar\/sitio\/espacio-cultural-el-auditorio\/\" aria-label=\"More on Espacio cultural El Auditorio\">[+]<\/a><\/p>\n","protected":false},"author":2483,"featured_media":0,"parent":0,"menu_order":0,"comment_status":"closed","ping_status":"closed","template":"","meta":[],"acf":[],"_links":{"self":[{"href":"https:\/\/ifdbolson-rng.infd.edu.ar\/sitio\/wp-json\/wp\/v2\/pages\/5007"}],"collection":[{"href":"https:\/\/ifdbolson-rng.infd.edu.ar\/sitio\/wp-json\/wp\/v2\/pages"}],"about":[{"href":"https:\/\/ifdbolson-rng.infd.edu.ar\/sitio\/wp-json\/wp\/v2\/types\/page"}],"author":[{"embeddable":true,"href":"https:\/\/ifdbolson-rng.infd.edu.ar\/sitio\/wp-json\/wp\/v2\/users\/2483"}],"replies":[{"embeddable":true,"href":"https:\/\/ifdbolson-rng.infd.edu.ar\/sitio\/wp-json\/wp\/v2\/comments?post=5007"}],"version-history":[{"count":2,"href":"https:\/\/ifdbolson-rng.infd.edu.ar\/sitio\/wp-json\/wp\/v2\/pages\/5007\/revisions"}],"predecessor-version":[{"id":5011,"href":"https:\/\/ifdbolson-rng.infd.edu.ar\/sitio\/wp-json\/wp\/v2\/pages\/5007\/revisions\/5011"}],"wp:attachment":[{"href":"https:\/\/ifdbolson-rng.infd.edu.ar\/sitio\/wp-json\/wp\/v2\/media?parent=5007"}],"curies":[{"name":"wp","href":"https:\/\/api.w.org\/{rel}","templated":true}]}}